p.
2, 3
Let n(q) = q**2 - 16*q + 176. What are the prime factors of n(7)?
113
Suppose 75 + 489 = u. Suppose t + 2*y = 104, -y - u = -5*t - 0*y. List the prime factors of t.
2, 7
Suppose -3*k + 36 = -2*k. Let r = -21 + k. Let t = r - -2. List the prime factors of t.
17
Let i = 1500 - 778. List the prime factors of i.
2, 19
Suppose 290 = w - 1825. List the prime factors of w.
3, 5, 47
Let o = 578 + -318. List the prime factors of o.
2, 5, 13
Let p be 8/(-16) + 6/4. Let d be p/4 + 38/8. Suppose h = -2*h - 5*l + 46, -4*h + 63 = d*l. List the prime factors of h.
17
Let s be (-5304)/(-10) - (-6)/(-15). Suppose 5*r - s = -125. List the prime factors of r.
3
Let r = -10 + 6. Let j = r - 2. List the prime factors of 669/45 - j/45.
3, 5
Let l be (0 - -2) + (-11 - -9). Suppose l = 2*v - 26 - 36. Let x = v + -22. List the prime factors of x.
3
Let s be (20/(-8) + 3)*-4. Let z = 49 - s. List the prime factors of z.
3, 17
Let l(c) be the first derivative of -5*c**2/2 - 4*c - 5. What are the prime factors of l(-9)?
41
Let q = 1806 - 1277. List the prime factors of q.
23
Let m be 4/(-22) - 46/(-11). Let y = -31 - -35. Suppose 3*c - 134 = -5*t, y = -m*t + 20. What are the prime factors of c?
2, 19
Let t = 29 - 338. Let x = t - -469. Suppose -2*q - 3*q + x = 0. What are the prime factors of q?
2
Let r be 3/(-15) - 2/((-30)/273). Suppose -d - 4 = 3*s, d + 0*s - 3*s = -16. Let u = r + d. What are the prime factors of u?
2
Let x(p) = 14*p + 119. What are the prime factors of x(19)?
5, 7, 11
Let f(g) = 177*g - 184*g - 2*g**2 + 3*g**2 + 26. What are the prime factors of f(12)?
2, 43
Let t(v) = -v**3 - 6*v**2 - 5*v - 4. Let d be -4*(-3)/(-6) + -4. Let z be t(d). Let x = z - 4. What are the prime factors of x?
2, 11
Let x(o) = -o**3 - 6*o**2 + 8*o - 8. Let m be x(-7). Let h(s) = -s**2 - 20*s + 20. Let g be h(m). Let z = g - 54. What are the prime factors of z?
41
Let u(i) = i**2 + 9*i - 25. Let y be u(-17). Let z = 104 + y. List the prime factors of z.
5, 43
Let a be 4/(-10)*(1 - 11). Let v(r) = 3 - a*r + 10 + 4*r + 5*r. What are the prime factors of v(8)?
53
Let i be -3 + 2 + 4 + -8. Let y = 13 + i. What are the prime factors of y?
2
Let y = 21 + 65. Suppose -199 - y = -5*b. What are the prime factors of b?
3, 19
Let k = 46 + -14. Suppose 0 = 4*r + 4 + k. Let c(b) = -b**2 - 12*b + 4. List the prime factors of c(r).
31
Suppose 41*f - 4140 = -4*f. List the prime factors of f.
2, 23
Let z(o) = 4*o**2 + 25*o - 221. What are the prime factors of z(-32)?
3, 5, 41
Let q = -179 - -409. List the prime factors of q.
2, 5, 23
Let v(y) = -2*y - 1. Suppose 2*h = 13 + 9. Let s = h - 20. What are the prime factors of v(s)?
17
Suppose 529 = f + y, 4*f - 9*y - 2116 = -5*y. List the prime factors of f.
23
List the prime factors of 30950/10 + (2 + -2)/(-4).
5, 619
Let x = 176 - 169. List the prime factors of x.
7
Let o(p) = -3 - 3 - 4 - 12 - 7*p. What are the prime factors of o(-17)?
97
Suppose 0 = -5*j - 2004 + 24. Let c be j/(-30)*40/6. List the prime factors of 2/(-6) + c/3.
29
List the prime factors of (-11710)/30*6*(-2)/4.
1171
Let g(d) = d**3 + 5*d**2 + 3*d - 1. Let h be g(-4). List the prime factors of h/4 - (-3982)/88.
2, 23
Let s(a) be the first derivative of -47*a**2/2 + 4*a + 4. Let h be s(-2). Suppose y - 14 = 4*m - 120, 4*m + 3*y = h. List the prime factors of m.
2, 13
Let j(g) = 11*g**2 + 9*g - 87. List the prime factors of j(6).
3, 11
Suppose 0 = -83*v + 80*v + 951. List the prime factors of v.
317
Suppose -26*c = -31*c + 125. Suppose 4 = -5*t + 3*t. List the prime factors of 2 + -1 + t + c.
2, 3
Suppose -4056 = -9*r + 3*r. List the prime factors of r.
2, 13
Suppose -d = -306 - 204. List the prime factors of d.
2, 3, 5, 17
What are the prime factors of 2/(-5) - (-11335)/25?
3, 151
Let j(t) = 4*t**2 + 52*t + 127. What are the prime factors of j(-29)?
3, 661
Let o be (-518)/(-5) + (-12)/20. Suppose 4*t - 5*t = -2. Suppose 3*l + o = 3*m + t*l, -4*m + 138 = -l. List the prime factors of m.
5, 7
Let j = 1735 - 26. What are the prime factors of j?
1709
Suppose 0 = 5*d - 2*z - z - 57, -4*z = -2*d + 20. Suppose -11*s = -d*s + 75. What are the prime factors of s?
3, 5
Let b = -11 - -46. Let d = 21 - 15. Suppose s - d*s = -b. What are the prime factors of s?
7
Let k = 531 - 411. What are the prime factors of k?
2, 3, 5
Let f = 26 + -13. What are the prime factors of (f + 1)/((-2)/(-13))?
7, 13
Suppose -5*y + 2*n = -17774, 90*y - 86*y - 14230 = -2*n. List the prime factors of y.
2, 7, 127
Let m(b) = -b**3 - 11*b**2 + 29*b + 11. What are the prime factors of m(-14)?
193
Suppose -8*q + 11*q - 9 = 0. What are the prime factors of q/6*(117 - -5)?
61
Let k = 51 + -22. Suppose -k = 2*a + 11. List the prime factors of 2/8*4 - a.
3, 7
Suppose -9*x + 15 = -6*x. Suppose -x*y + 356 = -y. Let b = y - 58. List the prime factors of b.
31
Let l be (-4)/(-6) - (-4)/(-6). Suppose u - 2*j + 86 = 5*u, l = -u - j + 20. Suppose 2*c - u = 1. List the prime factors of c.
2, 3
Let s(p) = -155*p - 7. Let d(y) = 233*y + 11. Let b(k) = 5*d(k) + 8*s(k). What are the prime factors of b(-1)?
2, 37
Let o = 400 + -347. What are the prime factors of o?
53
Let r(s) = -s**3 - 7*s**2 + 23*s + 14. What are the prime factors of r(-12)?
2, 229
Let m = -342 + 702. List the prime factors of m.
2, 3, 5
Suppose -3*a + 4 = -a. Let c(q) = 5*q**3 - 2*q**a - 3*q**3 - 8 - 3*q**3 - 1 - 3*q. List the prime factors of c(-4).
5, 7
Suppose 5*g - 875 = 4600. What are the prime factors of g?
3, 5, 73
Let a(f) = 2*f**3 + 3*f**2 + 3*f + 210. Let j(g) = 2*g**3 + 4*g**2 + 4*g + 210. Let u(r) = 4*a(r) - 3*j(r). What are the prime factors of u(0)?
2, 3, 5, 7
Let s = -22 - -32. Suppose -b - 6 = -9. Suppose b*z - s = z. List the prime factors of z.
5
Suppose -8*i + 5636 - 396 = 0. What are the prime factors of i?
5, 131
Suppose 0 = 3*h - 458 - 1684. List the prime factors of h.
2, 3, 7, 17
Let w be -15*(-5)/((-15)/(-2)). Let y be ((-4)/(-3))/(w/105). Let q = y + 22. List the prime factors of q.
2, 3
Let c = -44 + 97. Let y = c - 24. List the prime factors of y.
29
What are the prime factors of ((-638)/(-22))/(-2 - 97/(-48))?
2, 3, 29
Let j = -33 - -37. Suppose -j*x + 6 = -x. Suppose 0 = g + m - 31, -g + 101 = x*g + m. List the prime factors of g.
5, 7
Let n = 3 - -1. Suppose n*h = -61 - 27. What are the prime factors of (6 + 0)/((-4)/h)?
3, 11
What are the prime factors of 1/3 - (-9429)/9?
2, 131
Suppose 6*q - 2265 - 2205 = 0. List the prime factors of q.
5, 149
Let c = -29 - -31. Suppose -c*h = 3 + 5. Let n(o) = -o**3 - o**2 - 2*o + 2. List the prime factors of n(h).
2, 29
Let r = -20 + 12. Let k(s) = -s**2 - 9*s - 5. Let d be k(r). Suppose 12 - 90 = -d*t. What are the prime factors of t?
2, 13
Suppose -j + 51 = 2*d, -3*d + 99 = d - j. Let b = -22 + d. Suppose -6*x = -b*x - 114. List the prime factors of x.
2, 19
Let n(m) = -10*m - 5. Let u be n(-6). Suppose 0 = -2*r + 8 - 76. Let h = r + u. List the prime factors of h.
3, 7
Suppose -o + 0 = 2*g - 8, 4*o - 5*g + 20 = 0. Suppose -3*q + z = 9, -3*q - 2*z = -o*z. List the prime factors of (-64 - q)*1/(-2).
31
Suppose 4*t - 3*h = 1368, -t + 5*h = -0*t - 342. What are the prime factors of t?
2, 3, 19
Let w = -10 - -14. Suppose -2*c + 14 = 2. Suppose -c*s - q = -s - 180, -w*q + 108 = 3*s. List the prime factors of s.
2, 3
Let x = 10 + -17. Let q = -21 - x. List the prime factors of q/21 + (-82)/(-6).
13
Suppose 2 = -3*o + 3*j + 107, -20 = 4*j. Let q be 1820/o - 2/3. Suppose -q = -7*h + 2*h. What are the prime factors of h?
2, 3
Let i = 32 + -36. List the prime factors of -2 + (-16)/i*10.
2, 19
Let f = -125 + 132. Suppose -3*t - 12 = 0, 3*c - 4*t = f*c - 988. List the prime factors of c.
251
Let i(m) = -m**2 - 2*m + 3. Let q be i(1). Suppose q = 5*l + u - 123 + 48, 0 = -5*l + 5*u + 105. Suppose 11*f + 245 = l*f. What are the prime factors of f?
7
Suppose -t = m - 273, 2*m + 3*t - 634 = -86. List the prime factors of m.
271
Suppose 3*o + j - 3*j = 86, -2*j - 60 = -2*o. Let i = o + -14. Suppose -4*h + 104 = -d + i, -4*d = -3*h + 69. What are the prime factors of h?
23
Suppose 11*s = 6*s - 3*h + 4868, s = -3*h + 964. List the prime factors of s.
2, 61
Let g = 1083 + 105. List the prime factors of g.
2, 3, 11
Let c be (-16)/(-2)*5/10. Suppose 6 = -c*v - 2, 0 = s - v - 39. Let r = -33 + s. What are 